{"id":682,"date":"2005-06-01T14:00:55","date_gmt":"2005-06-01T12:00:55","guid":{"rendered":"http:\/\/www.hdvdive.com\/?page_id=682"},"modified":"2009-06-05T14:03:10","modified_gmt":"2009-06-05T12:03:10","slug":"impressum","status":"publish","type":"page","link":"http:\/\/www.hdvdive.com\/?page_id=682","title":{"rendered":"Impressum"},"content":{"rendered":"<div id=\"content_div-682\">\n<p><strong>Betreiber:<\/strong><br \/>\nMein Name ist Joachim Giese. \u201cwww.hdvdive.com, www.joachim-giese.de, www.divenow.us  und www.underwaterpicture.de\u201d sind meine rein privaten Webseiten. Ich verfolge damit keine wirtschaftlichen oder politischen Interessen. Die Inhalte dieser Seiten sind meine rein subjektiven Meinungen und Erfahrungen.<\/p>\n<p>Sie erreichen mich unter der E-Mail \u201cachim@nunter.com\u201d.<\/p>\n<p><strong>Links:<\/strong><\/p>\n<p>Trotz sorgf\u00e4ltiger inhaltlicher Kontrolle \u00fcbernehmen wir keine Haftung f\u00fcr die Inhalte externer Links. F\u00fcr den Inhalt der verlinkten Seiten sind ausschlie\u00dflich deren Betreiber verantwortlich.<\/p>\n<p><strong>Copyright:<\/strong><\/p>\n<p>Die Photos und Videos von \u201cwww.hdvdive.com, www.joachim-giese.de, www.divenow.us  und www.underwaterpicture.de\u201d sind urheberrechtlich gesch\u00fctzt. Sie d\u00fcrfen nur zum privaten und nichtgewerblichen Gebrauch zum Zweck der Information kopiert oder ausgedruckt werden, wenn sie den Copyright-Hinweis und, bei Verwendung auf einer anderen Webseite, einen Link auf \u201cwww.hdvdive.com, www.joachim-giese.de, www.divenow.us  und www.underwaterpicture.de\u201d enthalten. Ich behalte mir das Recht vor, diese Erlaubnis jederzeit zu widerrufen. Ohne meine vorherige schriftliche Genehmigung d\u00fcrfen diese Dokumente\/Webseiten nicht vervielf\u00e4ltigt, archiviert, auf einem anderen Server gespeichert, in Newsgruppen einbezogen, in Online-Diensten benutzt oder auf einer CD-ROM gespeichert werden.<\/p>\n<p>Fehlerhafte Inhalte auf \u201cwww.hdvdive.com, www.joachim-giese.de, www.divenow.us  und www.underwaterpicture.de\u201d<\/p>\n<p>Sollten Inhalte auf diesen Seiten falsch sein, Ansto\u00df erregen oder rechtswiedrig sein, so bitte ich um einen entsprechenden Hinweis. Ich werde dann die Fehler korrigieren oder Gegendarstellungen ver\u00f6ffentlichen.<\/p>\n<\/div>\n<div class=\"translate_block\" style=\"display: none;\">\n<hr class=\"translate_hr\" \/>\n<a class=\"translate_translate\" id=\"translate_button_post-682\" lang=\"en\" xml:lang=\"en\" href=\"javascript:show_translate_popup('en', 'post', 682);\">[Translate]<\/a><img src=\"http:\/\/www.hdvdive.com\/wp-content\/plugins\/google-ajax-translation\/transparent.gif\" id=\"translate_loading_post-682\" class=\"translate_loading\" style=\"display: none;\" width=\"16\" height=\"16\" alt=\"\" \/>\n<\/div>\n","protected":false},"excerpt":{"rendered":"<p>Betreiber: Mein Name ist Joachim Giese. \u201cwww.hdvdive.com, www.joachim-giese.de, www.divenow.us und www.underwaterpicture.de\u201d sind meine rein privaten Webseiten. Ich verfolge damit keine wirtschaftlichen oder politischen Interessen. Die Inhalte dieser Seiten sind meine rein subjektiven Meinungen und Erfahrungen. Sie erreichen mich unter der E-Mail \u201cachim@nunter.com\u201d. Links: Trotz sorgf\u00e4ltiger inhaltlicher Kontrolle \u00fcbernehmen wir keine Haftung f\u00fcr die Inhalte externer [&hellip;]<\/p>\n","protected":false},"author":4,"featured_media":0,"parent":0,"menu_order":0,"comment_status":"closed","ping_status":"closed","template":"","meta":{"ngg_post_thumbnail":0},"_links":{"self":[{"href":"http:\/\/www.hdvdive.com\/index.php?rest_route=\/wp\/v2\/pages\/682"}],"collection":[{"href":"http:\/\/www.hdvdive.com\/index.php?rest_route=\/wp\/v2\/pages"}],"about":[{"href":"http:\/\/www.hdvdive.com\/index.php?rest_route=\/wp\/v2\/types\/page"}],"author":[{"embeddable":true,"href":"http:\/\/www.hdvdive.com\/index.php?rest_route=\/wp\/v2\/users\/4"}],"replies":[{"embeddable":true,"href":"http:\/\/www.hdvdive.com\/index.php?rest_route=%2Fwp%2Fv2%2Fcomments&post=682"}],"version-history":[{"count":1,"href":"http:\/\/www.hdvdive.com\/index.php?rest_route=\/wp\/v2\/pages\/682\/revisions"}],"predecessor-version":[{"id":683,"href":"http:\/\/www.hdvdive.com\/index.php?rest_route=\/wp\/v2\/pages\/682\/revisions\/683"}],"wp:attachment":[{"href":"http:\/\/www.hdvdive.com\/index.php?rest_route=%2Fwp%2Fv2%2Fmedia&parent=682"}],"curies":[{"name":"wp","href":"https:\/\/api.w.org\/{rel}","templated":true}]}}